84743
What are the prime factors of 676782090?
2, 3, 5, 19, 109, 3631
List the prime factors of 8685674510.
2, 5, 17, 51092203
List the prime factors of 630295789.
630295789
List the prime factors of 434650545.
3, 5, 7, 113, 12211
List the prime factors of 164183474.
2, 7, 13, 419, 2153
List the prime factors of 5985176463.
3, 7, 95002801
List the prime factors of 69561403.
69561403
What are the prime factors of 927903574?
2, 13, 61, 401, 1459
List the prime factors of 259920928.
2, 983, 8263
What are the prime factors of 47131730?
2, 5, 89, 52957
What are the prime factors of 782780002?
2, 53, 691, 10687
List the prime factors of 11804286.
2, 3, 13, 151337
List the prime factors of 32623829.
7, 4660547
What are the prime factors of 13211380?
2, 5, 7, 13, 17, 61
What are the prime factors of 566945071?
7, 11, 7362923
List the prime factors of 22248049.
31, 717679
What are the prime factors of 44019456?
2, 3, 13, 4409
List the prime factors of 3287422209.
3, 17, 64459259
What are the prime factors of 16852965?
3, 5, 1123531
List the prime factors of 911309951.
79, 487, 23687
List the prime factors of 2142305902.
2, 11, 31, 3141211
What are the prime factors of 21192845?
5, 53, 79973
List the prime factors of 151509531.
3, 4049, 12473
What are the prime factors of 1673303485?
5, 7, 47808671
List the prime factors of 72665328.
2, 3, 113, 13397
List the prime factors of 19507998.
2, 3, 3251333
List the prime factors of 9568899.
3, 139, 7649
List the prime factors of 279084582.
2, 3, 7, 738319
What are the prime factors of 454001624?
2, 79, 718357
What are the prime factors of 22923044?
2, 19, 301619
List the prime factors of 1999773360.
2, 3, 5, 13, 41, 193
What are the prime factors of 2408561354?
2, 1204280677
What are the prime factors of 82615809?
3, 29, 949607
What are the prime factors of 95533203?
3, 31844401
List the prime factors of 2463865096.
2, 7, 11, 3999781
List the prime factors of 22397513.
22397513
List the prime factors of 2664779318.
2, 29, 45944471
List the prime factors of 1639668735.
3, 5, 23, 83, 19087
List the prime factors of 762603239.
41, 137, 991
What are the prime factors of 67693533?
3, 101, 157, 1423
List the prime factors of 262369024.
2, 17, 19, 167
What are the prime factors of 56679610?
2, 5, 13, 435997
What are the prime factors of 893360528?
2, 1009, 55337
What are the prime factors of 244339823?
7, 13, 37, 1481
What are the prime factors of 156634930?
2, 5, 139, 112687
List the prime factors of 145484776.
2, 17, 1069741
What are the prime factors of 3296887?
11, 2477
What are the prime factors of 1404779726?
2, 7, 14334487
List the prime factors of 18608569.
7, 47, 163, 347
What are the prime factors of 13480502?
2, 7, 107, 8999
List the prime factors of 581584479.
3, 7, 139, 28463
List the prime factors of 28116783.
3, 31, 179, 563
List the prime factors of 3753546347.
3753546347
List the prime factors of 14400724.
2, 13, 163, 1699
What are the prime factors of 323837904?
2, 3, 13, 31, 16741
What are the prime factors of 2452966670?
2, 5, 7, 11, 53, 60107
List the prime factors of 1583035732.
2, 97, 4079989
List the prime factors of 700831636.
2, 193, 907813
What are the prime factors of 4830709621?
61, 173, 457757
List the prime factors of 18806404.
2, 4701601
What are the prime factors of 93788755?
5, 29, 83, 7793
List the prime factors of 197460359.
23, 31, 12041
What are the prime factors of 828700831?
7, 118385833
What are the prime factors of 25703257?
19, 1352803
List the prime factors of 303347171.
193, 1571747
List the prime factors of 1487940597.
3, 11, 13, 19, 6761
List the prime factors of 29849106.
2, 3, 7, 710693
List the prime factors of 312147883.
41, 167, 45589
What are the prime factors of 3298492361?
131, 25179331
List the prime factors of 2486382363.
3, 23, 12011509
What are the prime factors of 612936751?
7, 17, 19, 173, 1567
What are the prime factors of 592681172?
2, 179, 827767
List the prime factors of 563088492.
2, 3, 97, 113, 1427
List the prime factors of 6479229.
3, 83, 26021
List the prime factors of 295756874.
2, 7, 21125491
List the prime factors of 1099205695.
5, 7, 41, 59, 12983
List the prime factors of 183603942.
2, 3, 3400073
What are the prime factors of 172767824?
2, 157, 68777
List the prime factors of 220956196.
2, 55239049
List the prime factors of 38418019.
19, 521, 3881
List the prime factors of 140543885.
5, 28108777
List the prime factors of 285009463.
127, 977, 2297
List the prime factors of 131701740.
2, 3, 5, 2195029
What are the prime factors of 1096463304?
2, 3, 31, 54583
List the prime factors of 188004159.
3, 7, 331577
What are the prime factors of 56828961?
3, 7, 902047
What are the prime factors of 29351987?
7, 4193141
List the prime factors of 4814327023.
11, 437666093
List the prime factors of 245718837.
3, 7, 13, 300023
List the prime factors of 65583074.
2, 23, 277, 5147
What are the prime factors of 59402436?
2, 3, 19, 43, 73, 83
List the prime factors of 67716540.
2, 3, 5, 89, 1409
What are the prime factors of 253759362?
2, 3, 42293227
List the prime factors of 5252578044.
2, 3, 7, 19, 1759, 1871
What are the prime factors of 244177859?
244177859
List the prime factors of 283998558.
2, 3, 1033, 45821
What are the prime factors of 316869440?
2, 5, 283, 3499
List the prime factors of 431792553.
3, 37, 229, 16987
What are the prime factors of 43372777?
7, 29, 213659
List the prime factors of 712946258.
2, 271, 1315399
List the prime factors of 1341444471.
3, 447148157
List the prime factors of 2159272313.
11, 196297483
List the prime factors of 1326686911.
11, 37, 131, 149, 167
What are the prime factors of 2132745620?
2, 5, 79, 179, 7541
List the prime factors of 208557109.
61, 131, 26099
List the prime factors of 159614558.
2, 41, 89, 21871
List the prime factors of 236494003.
53, 4462151
What are the prime factors of 1993141474?
2, 101, 9867037
What are the prime factors of 47926730?
2, 5, 97, 49409
What are the prime factors of 40509072?
2, 3, 23, 151
List the prime factors of 155022054.
2, 3, 11, 67, 3187
List the prime factors of 506258512.
2, 31641157
What are the prime factors of 1452423513?
3, 43, 11259097
List the prime factors of 153387263.
7283, 21061
List the prime factors of 5170052812.
2, 131, 9866513
List the prime factors of 1577428634.
2, 773, 1020329
List the prime factors of 90352212.
2, 3, 17, 442903
List the prime factors of 430278697.
430278697
List the prime factors of 79578233.
7, 29, 392011
List the prime factors of 64257014.
2, 521, 61667
What are the prime factors of 21467456?
2, 335429
What are the prime factors of 467739796?
2, 19, 6154471
What are the prime factors of 422648982?
2, 3, 7, 97, 11527
List the prime factors of 3177065410.
2, 5, 317706541
What are the prime factors of 19931155?
5, 3986231
What are the prime factors of 22014000?
2, 3, 5, 1223
List the prime factors of 16704253.
43, 388471
What are the prime factors of 71430091?
37, 1930543
List the prime factors of 1106775547.
31, 503, 70979
What are the prime factors of 628070183?
13, 227, 331, 643
List the prime factors of 111392211.
3, 7, 17, 312023
What are the prime factors of 9772485?
3, 5, 449, 1451
What are the prime factors of 957713796?
2, 3, 13, 2046397
List the prime factors of 807460491.
3, 269153497
What are the prime factors of 993658?
2, 691, 719
What are the prime factors of 894930105?
3, 5, 59662007
List the prime factors of 68405468.
2, 31, 79, 6983
What are the prime factors of 106153171?
19, 251, 22259
What are the prime factors of 764884798?
2, 103, 709, 5237
What are the prime factors of 25446479?
25446479
What are the prime factors of 39596825?
5, 17, 93169
List the prime factors of 1924968989.
29, 47, 151, 199
List the prime factors of 607054483.
7, 12388867
What are the prime factors of 473433715?
5, 94686743
What are the prime factors of 1424872984?
2, 73, 263, 9277
What are the prime factors of 5337546213?
3, 1091, 1630781
List the prime factors of 3536444684.
2, 884111171
What are the prime factors of 27972895?
5, 311, 17989
List the prime factors of 765843020.
2, 5, 29, 37, 127, 281
List the prime factors of 37868852.
2, 7, 1352459
List the prime factors of 740465408.
2, 97, 29819
What are the prime factors of 148994907?
3, 1